vided by 15.
12
Let l(f) = -49*f + 5088. Let s = -37 + 52. What is the remainder when l(103) is divided by s?
11
Suppose -5*q + 20 = 0, 9*d - 4*d - 158 = -2*q. Calculate the remainder when 749 is divided by d.
29
Suppose 95*q - 13365 = 80*q. Calculate the remainder when q is divided by 29.
21
Suppose -5*r - 1428 = -4*h, -9*h + 1785 = -4*h - 3*r. What is the remainder when h is divided by 18?
15
Let m be (-3980)/(-11) - (-4)/22. Suppose -3*d = -m - 232. Suppose 4*c + d = 13*c. What is the remainder when 86 is divided by c?
20
Suppose 4*c + 874 = r, 38*r = 35*r - 3*c + 2652. Let v = r - 862. Let d(s) = 12*s**2 - 2*s + 1. Calculate the remainder when d(-3) is divided by v.
15
What is the remainder when (-821)/((-220)/30 + 7) is divided by 137?
134
Let u(x) be the second derivative of -16*x**3/3 - 57*x**2 + 37*x - 2. What is the remainder when u(-6) is divided by 16?
14
Let s(p) = -26*p - 667. Calculate the remainder when 10857 is divided by s(-28).
60
Let b = 23 - 20. Suppose 3 - 2 = r, 0 = b*f + r - 61. Suppose f = 3*d + 2*d. Calculate the remainder when 41 is divided by d.
1
Let i(l) = -3*l**3 - 4*l**2 - 10*l + 18. Calculate the remainder when i(-4) is divided by (-1148)/(-18) + -1 + 8/36.
60
Let b be 1 + (-2)/(-1) - 2. Let c(g) = 33*g**2 + g - 1. Let v = -3505 - -3603. Calculate the remainder when v is divided by c(b).
32
Let r(i) = -3*i - 57. Let f be r(6). Let q = f + 109. What is the remainder when q is divided by 18?
16
Let g = -2031 + 2784. What is the remainder when g is divided by 130?
103
Let s = 40 + -30. Let a be 2*(-2)/4*(10 - s). What is the remainder when 2280/16*(-2)/(-3) + a is divided by 12?
11
Let n = -96938 - -96976. Suppose 2*f + 4 = 46. Calculate the remainder when n is divided by f.
17
Suppose 108 = -15*x + 27*x. Suppose -x*m = -83 - 16. Calculate the remainder when 186 is divided by m.
10
Suppose -4*l + 1262 = 2*o, -l - 65*o + 66*o = -314. Let d = -295 + l. What is the remainder when 256 is divided by d?
16
Suppose 23*q - 15*q + 128 = 0. Let h be (-6740)/160 - 2/q. What is the remainder when 207 is divided by h/((40/60)/(2/(-3)))?
39
Let k(t) = -69*t + 37. Let f be k(-10). Let n = 757 - f. Calculate the remainder when 115 is divided by n.
25
Suppose -2*n = 4, -3*b + 0*n + 4*n + 44 = 0. Let u(v) = 293*v - 515. Calculate the remainder when u(2) is divided by b.
11
Let a(q) = -43*q - 3. Let n(b) = 63*b**2 - 65*b + 4. Let i be n(5). Suppose -5*s + 1469 = i. Calculate the remainder when a(-2) is divided by s.
40
Let i(g) = -g**2 - g + 23. Let b be i(4). Let h be (-9 - -6 - -6)*2/b. Suppose 0 = -h*j - j + 57. What is the remainder when j is divided by 4?
3
Let j(v) = -96 - 5*v**2 + 52 + 48 - 2*v**3 - 5*v. Let w(y) = -3*y + 15. Let x be w(6). What is the remainder when j(x) is divided by 11?
6
Suppose 13*r = 3*l + 15*r - 2, -5*r - 20 = -5*l. Suppose -l*h + 2*a = -12, 9*h - 7*h = 4*a + 8. What is the remainder when 63 is divided by h?
7
Let x(s) = -4*s**3 + 3*s**2 + s - 2. What is the remainder when x(-3) is divided by 62 - 8/(-10)*150/20?
62
Suppose -3*t - j = -50, j + 19 - 87 = -4*t. What is the remainder when (-1)/(-1)*(-264)/(-3 + -1) is divided by t?
12
Let b(o) be the second derivative of 0 - 19/2*o**2 + o**3 - o. What is the remainder when b(8) is divided by 16?
13
Let b(c) = -2*c**2 + 32*c + 8*c**2 - 9*c**2 - c - 9. What is the remainder when 403 is divided by b(9)?
25
Let l be ((-1340)/10)/(2/18). Let p be (l/27)/((-4)/(-6)). Let w = p - -113. Calculate the remainder when w is divided by 16.
14
Let t = 5207 + -2968. What is the remainder when t is divided by 59?
56
Let p(h) = h**2 - 4*h + 8. Let y(q) = 37*q + 559. Calculate the remainder when p(6) is divided by y(-15).
0
Let l(v) = 31*v**2 + 2*v - 7. Let b be l(-3). Suppose -121 = 5*c - b. Calculate the remainder when c is divided by 18.
11
Suppose -14*c + 9*c = -25. Suppose 0 = -3*o, 10*w - c*w = -o + 145. Let s(k) = 11*k - 25. What is the remainder when s(10) is divided by w?
27
Let k = 37 - -13. Suppose -55*p + k*p + 15 = 0. Suppose h - 13 = -3*w - 0, -h + p*w + 7 = 0. What is the remainder when 37 is divided by h?
7
Let g(n) = 101*n**2 - 40*n + 267. What is the remainder when g(7) is divided by 20?
16
Let b(t) = 4*t**3 - 4*t**2 + 8*t - 8. Let p be (-188)/(-141)*(-9)/(-4). Calculate the remainder when b(p) is divided by 6.
4
Let y = -63 - -124. Suppose 5*q - 2*f = 155, -3*q + 569 = f + 476. Calculate the remainder when y is divided by q.
30
Let z be -1*(-1)/(-3)*0. Suppose -k - 3*k + 208 = z. Let g = -263 + 272. What is the remainder when k is divided by g?
7
Suppose 3*a + 23 = n, -a = -3*n - 2*a + 119. Let g = n + -38. Suppose 2*o + 77 - 99 = g. Calculate the remainder when 40 is divided by o.
7
Suppose 2*r + r + 3*p = 84, 3*p - 113 = -4*r. Let u = 4435 - 4338. Calculate the remainder when u is divided by r.
10
Suppose -3*i + 349 = 2*x, 4*x + 56*i - 689 = 59*i. Calculate the remainder when x is divided by 51.
20
Let n(h) = 17 - 58*h**3 - 49*h**3 - 9*h**2 - 3*h + 106*h**3 - 5. What is the remainder when n(-10) is divided by 29?
26
Let j be 42 - 7*36/42. What is the remainder when -3 + j*(-6)/(-9) is divided by 12?
9
Let f(w) = 17*w**2 + 14*w - 46*w**2 + 25 + 28*w**2. What is the remainder when 122 is divided by f(12)?
24
Suppose b - 8 = 3*a, 29*b = 28*b + a + 18. Calculate the remainder when 389 is divided by b.
21
Let o(r) = -r + 28. What is the remainder when -2 + 7*22 - (54 + (-27 - 38)) is divided by o(0)?
23
Let d = 13304 - 12389. What is the remainder when d is divided by 21?
12
What is the remainder when (7 + (-225)/36)*2088*(-8)/(-24) is divided by 48?
42
Let m = -15 - -26. Let n = m - -1. Suppose -17*w + 527 = -0*w. What is the remainder when w is divided by n?
7
Let y = -25714 - -25783. What is the remainder when 1139 is divided by y?
35
Let b = 3727 - 3631. Calculate the remainder when b is divided by 33.
30
Suppose 0 = -r - 2*s + 13, 5*s - 209 = -3*r - 166. Suppose m = -1 + 2. What is the remainder when r is divided by 1*(m - -1) - -1?
0
Let t(g) = -10*g + 14 + 3*g**2 - 97*g + g**2 + 37*g. Calculate the remainder when t(19) is divided by 45.
38
Suppose -879 = -76*v + 489. Let l(s) = -4*s + 2. Let y be l(1). Calculate the remainder when (4*183/(-6))/y is divided by v.
7
Suppose 124 = 2*l - 2*u, 2*u + 125 = 5*l - 170. What is the remainder when l is divided by 27?
3
Let z = 356 + -282. Suppose -46*v + 16354 = -9*v. Calculate the remainder when v is divided by z.
72
Suppose 176 = -6*z + 14*z. Suppose -2*o = o + 9. What is the remainder when z is divided by o*(28/(-6) - 0)?
8
Let v = 132 + -127. Suppose 2*d + v*q = 22, q = -3*d + 45 + 1. Calculate the remainder when 27 is divided by d.
11
Suppose -115*y = -61*y - 2538. Suppose -4*p - 20052 = -0*p. What is the remainder when p/(-27) - 2/(-6) is divided by y?
45
Let c(z) = -z**3 + 2*z**2 - z. Let w(y) = -2*y**3 - 14*y**2 + 20*y + 39. Let i(o) = c(o) - w(o). Calculate the remainder when 83 is divided by i(-17).
25
Let n = 68 - 70. Suppose 0 = 5*m - 0*m - 90. What is the remainder when n*((-498)/20 - 39/65) is divided by m?
15
Suppose 4*d = -5*k + 345, 7*d - 90 = 6*d - 5*k. What is the remainder when d is divided by 24?
13
Let l(y) = 233*y + 3311. Suppose 2*b - 26 - 54 = 0. Calculate the remainder when l(-14) is divided by b.
9
Let m be ((-741)/(-9) + 2)*3. Let k = m + -233. What is the remainder when (-1 + 9/5)*95 is divided by k?
16
Suppose -40 - 180 = -2*p. Suppose 5*h - 66 = 2*h - 5*q, -2*q + p = 5*h. Calculate the remainder when 507/26*(912/418 - 2/11) is divided by h.
17
Let y = 815 - 815. Let f(c) be the first derivative of c**3/3 - c**2 + 22*c + 1. What is the remainder when f(y) is divided by 5?
2
Let t = 302 + -318. Let k = -29 + 50. What is the remainder when k is divided by (9 - -3) + (-1)/(8/t)?
7
Suppose 3068 - 17788 = -32*l. What is the remainder when l is divided by 91?
5
Suppose 3*f - 181 = -49. Let m = 75 - f. Let j = -11 + m. Calculate the remainder when 138 is divided by j.
18
Suppose 0 = -2744*a + 2698*a + 847550. Calculate the remainder when a is divided by 111.
110
Suppose -209 + 66 = -4*d - 5*f, d = -5*f + 47. What is the remainder when (-211 + 23)*(-3)/6 is divided by d?
30
Let a = -600 - -636. Suppose 3*c - 252 = 5*t, -5*c - a*t + 410 = -41*t. Let v = -9 - -19. What is the remainder 